 - 2*w**2 + 4. Give y(a).
3
Suppose 7*f - 3*f - 5*x = -35, -3*x = 4*f + 11. Let m(s) = -s + 4. Let i(p) = 2*p - 9. Let o(z) = 2*i(z) + 5*m(z). Give o(f).
7
Let u(f) = -f**3 - 6*f**2 - 4*f + 7. Suppose -8*t + 52 = -4*t. Let j = t - 18. What is u(j)?
2
Let b(v) = -v**2 - v - 1. Let l(y) = -y - 11*y + 9*y - 4*y**2 - 1. Let w(a) = -2*b(a) + l(a). Give w(-2).
-5
Let m(d) = 2*d + 1. Let k(t) = -t - 1. Let q(f) = k(f) + m(f). Give q(4).
4
Let y(n) = -10 + 13 - 5*n - n**2 + 3*n**2. Give y(3).
6
Let l(u) = -3*u - 3. Let b be l(-11). Suppose o = 4*o - b. Let q(r) = r - o - 2*r + 0. What is q(-6)?
-4
Let w(m) = -2*m - 3. Let r(b) = -b**2 + 4*b + 11. Let o be r(8). Let t = -23 - o. What is w(t)?
1
Let l be ((-6)/(-7))/(4/28). Let v(a) = 15*a**3 + 13*a + 37. Let s(t) = 7*t**3 + 6*t + 18. Let p(r) = l*v(r) - 13*s(r). Give p(0).
-12
Let f(d) = -3*d + 3. Let x be (-6)/(-4)*(-16)/(-12). What is f(x)?
-3
Suppose 0 = -5*b + k, 0*k = k. Let i(g) be the second derivative of b*g**2 + 0 - 1/6*g**3 - 3*g. Give i(-3).
3
Let u(b) = 2*b. Suppose -10 = -7*s + 4. Determine u(s).
4
Let x(v) = -v**2 - 2. Let w = -9 - -12. Suppose -g - 1 = 0, -w*g - 4 = 2*l + 5. Determine x(l).
-11
Let j(n) = n**3 - 4*n**2 + 2. Let q be j(4). Let h(w) = 5*w**2 - 27*w**3 + 2 - 3*w - q*w + 28*w**3. Determine h(-6).
-4
Let b(s) = -4*s - 8*s**2 - 14*s**2 + 23*s**2 - 1. Determine b(4).
-1
Let p(x) = x**2 - x. Let h(w) = 3*w**2 - 4*w - 1. Suppose 3*b - 2*i = -4, 6 + 5 = 3*b + i. Let t(f) = b*p(f) - h(f). What is t(2)?
1
Let z(n) = -n**2 + 2. Let a(f) = f**2 + f. Let s be a(1). Calculate z(s).
-2
Let d be (-20)/(-6)*(-6)/(-4). Suppose -d = 3*m + 1. Let q(w) = -w**3 - 6*w**2 - 4*w - 3. Let t(v) = v**2 + v + 1. Let g(s) = -q(s) - 5*t(s). Determine g(m).
-4
Suppose -5*g + 2*n = -53, -2*n - 19 - 16 = -3*g. Suppose 6 = 3*p + b, 2*b - g - 1 = -5*p. Let r(h) = -2*h**2 + 2*h. Calculate r(p).
-4
Let j(g) be the first derivative of 1 + 3*g**2 + 1/3*g**3 + 7*g. Give j(-5).
2
Let v(s) = s. Let n(t) = 2. Let g(z) = -n(z) - v(z). Suppose 6*m - 9 = 3*m. What is g(m)?
-5
Let l(u) = u**2 - 3*u - 2. Suppose -2*w + 10 = -0*w. Calculate l(w).
8
Let l(q) = -3*q - 2. Let d be -6 + (0 - (-2)/(-1)). Let r = d + 15. Let u(t) = t**2 - 8*t + 3. Let v be u(r). Determine l(v).
10
Let t = -32 + 26. Let w(o) = o**3 + 6*o**2 + 3*o + 8. Calculate w(t).
-10
Let v(r) = -r**3 - 9*r**2 + r + 4. Let m be 2/(-2) + (-8)/1. Calculate v(m).
-5
Let q(m) = m**3 - 7*m**2 - 2. Let k(g) = -8*g**3 - 2*g**2 - 2*g - 1. Let p be k(-1). What is q(p)?
-2
Let v(n) be the third derivative of 0*n - 1/12*n**4 + 0 + 1/6*n**3 + 7/60*n**5 + 6*n**2. Calculate v(1).
6
Let j(i) = -i**3 + 12*i**2 + 14*i - 1. Let f be j(13). Suppose -7*v = -f*v + 35. Let p(l) = l**2 - 8*l + 9. Give p(v).
2
Let f(p) = p - 1. Let b(w) = -7*w + 9. Let l(c) = -b(c) - 6*f(c). Let r be l(6). Let t(z) = -z + 3. Give t(r).
0
Let b = 210 - 207. Let f(r) = -r**3 + 3*r**2 - 3*r + 3. What is f(b)?
-6
Let n(g) = -7*g**2 + 1 - 2*g - g**2 + 9*g**2. Calculate n(-3).
16
Let m = -44 - -45. Let a(u) = -8*u**3 + u**2 - 2*u + 1. Give a(m).
-8
Suppose -5*o = -4*m - 5, -5 = o + o - 3*m. Suppose -4*x + 14 = 2*j, j + o = -x + 5*x. Let k(c) = -2*c**x + 3 + 3*c**2 + c**3 - 3*c - c + 2*c**2. What is k(-4)?
3
Let b be (-1 + 4)/(4 + -3). Let c(d) = -2*d + 3. Calculate c(b).
-3
Let z(u) be the first derivative of -u**3/3 + 5*u**2/2 + 6*u - 7. Give z(6).
0
Suppose 4*i = -3*a + 56, 22 = 3*a - i - 39. Let q = a + -12. Let s be (-3)/12 + 18/q. Let m(k) = 2*k**3 - k**2 - 3*k + 2. Give m(s).
8
Let x(u) = -4*u**2. Let b(z) = 7*z**2. Let s(a) = -3*b(a) - 5*x(a). Give s(1).
-1
Let w(f) be the first derivative of -5*f**2/2 + 2*f - 4. Calculate w(3).
-13
Let p(k) = k**3 - 5*k**2 - 11*k + 3. Let o(n) = 2*n**3 - 10*n**2 - 21*n + 6. Let q(z) = 4*o(z) - 7*p(z). Determine q(6).
-3
Let f(y) be the first derivative of -y**3/3 - 4*y**2 + 6*y + 6. Let h(m) be the first derivative of f(m). Calculate h(-6).
4
Let o(a) = -a + 1. Let c(j) = j**3 - 2*j**2 - 5. Let v(m) = c(m) + 2*o(m). What is v(4)?
21
Let l(z) = -7*z + 4. Let k be 0 - (-3 + -2) - 2. Give l(k).
-17
Let h(s) = -4*s**3 + 4*s**2 - 3*s - 2. Let b(k) = -k**3 - k - 1. Let x(p) = -3*b(p) + h(p). Let u(w) = w**2 - 3*w + 4. Let o be u(3). What is x(o)?
1
Let y(z) = 5*z**2. Let a(x) be the third derivative of -x**5/10 - 4*x**2. Let r = 1 - -2. Let m(k) = r*a(k) + 4*y(k). What is m(-2)?
8
Let r(t) be the second derivative of -1/120*t**5 - 1/144*t**6 + 0*t**3 + 0*t**2 + 0 + 4*t - 1/6*t**4. Let f(p) be the third derivative of r(p). Calculate f(-1).
4
Let b(q) be the second derivative of q**4/12 + q**3/6 - 5*q. Let y be b(-2). Let t(l) = 2*l**2 - 2. Determine t(y).
6
Suppose 3*u = 7*u. Suppose 0 = -f - u*f - 4. Let g(h) = -1 - 4*h - h**3 + 2 - 5*h**2 - 1 + 2. Give g(f).
2
Let t(o) = -o - 6. Let k be t(-5). Let y(n) = -14*n**3 - n - 1. What is y(k)?
14
Let c(o) = 0*o - 2*o + 1 - 5 + 4*o. Suppose -2*b = 4*i + 3 + 3, -3*b - i - 4 = 0. Let x be (-3 + (-2)/b)*-5. Calculate c(x).
6
Let h(l) = 2*l + 9. Let g be h(-5). Let c(q) = -q**2 - 1. Give c(g).
-2
Let b(m) be the second derivative of m**4/12 - m**3/2 - m**2/2 + m. Suppose -3*t - 3*o = -15, 0 = 2*o - 0*o - 2. Calculate b(t).
3
Let p(w) = -7*w - 1. Let t(g) = 5*g**3 - 1. Let u be t(1). Suppose -3*c + 0*c = 5*x + 12, u*c - 3*x - 13 = 0. Calculate p(c).
-8
Suppose 0 = 3*q - 4*u - u + 25, 0 = -2*q + u - 5. Suppose -2*n + 4 = -q*n. Let z(f) = -f. What is z(n)?
-2
Let w be -2*1 + (3 - -2). Let d(m) = -4*m + 14. Let p(j) = 2*j - 7. Let i(v) = w*d(v) + 7*p(v). Let b be i(6). Let n(g) = -3*g + 6. Calculate n(b).
-9
Let g(f) = -6 + f**2 - 20*f**3 + 54*f**3 + 3*f**2 - 21*f**3 + 5*f - 14*f**3. Suppose 23 = 3*m - 2*q, 8 = 3*m + m + 3*q. Give g(m).
-6
Suppose -2*w + 29 - 9 = 0. Let h = w - 9. Let f(j) be the first derivative of -j**2 - j + 1. Give f(h).
-3
Let o(h) = h**3 + 12*h**2 - 11*h + 17. Let t be o(-13). Let c(l) = -5*l. Let j(f) = 20*f + 1. Let z(g) = t*c(g) - 2*j(g). What is z(2)?
8
Let k(n) = n**2 + 0*n**2 + 0*n - 3*n - 2*n**2. What is k(-2)?
2
Let a(k) = 3*k**2 + 21*k - 20. Let g(w) = -2*w**2 - 14*w + 13. Let d(u) = -5*a(u) - 8*g(u). Calculate d(-8).
4
Let g(b) = -6*b + 5*b + b + b - b**3. Suppose -5*a - 2*s = -13, 5*a - 5*s + 7 = -8. Determine g(a).
0
Let h(g) = -g**3 - g**2 + g + 4. Suppose d - 24 = -1. Suppose l = j - 10, j + 4*l - d = -2*j. Suppose 0 = 4*p - j*p. Give h(p).
4
Let n(w) be the second derivative of -w**4/12 - w**3/6 + w**2/2 - w. Let q be n(2). Let h(y) = -7 + 2 - y - 1. Determine h(q).
-1
Suppose 2*w + 4 = 3*d + 3, -d + 3 = 0. Suppose 5*c = w*c + 2. Let m(o) = -c - 5*o - 4*o + 8 + o**2 + o. Calculate m(6).
-6
Let s(i) be the second derivative of i**4/24 + i**3/6 + 2*i. Let b(y) be the second derivative of s(y). Let k(r) = r + 10. Let a(m) = 2*b(m) - k(m). Give a(0).
-8
Let d(k) = -k. Let i = -11 - -15. Suppose q + 0*q - 2*h + 1 = 0, 2*q + 4*h - 14 = 0. Suppose -q*g - i = 2. What is d(g)?
2
Let q be (0 - 1)*-3 - 1. Let y(g) = 5 - g**2 + 3*g + 7*g**2 - 7*g - g**q - g**3. Suppose 2*h + 8 = 4*h. Calculate y(h).
5
Let u(x) = x**2 + 3. Suppose -18 = 3*l - 6*l. Let h be l/(-3) + (1 - -6). Suppose -d = -h*d. What is u(d)?
3
Let a = -5 - -11. Suppose -2*r = 2*d, -3*d = -4*r + a*r - 2. Let v(w) be the first derivative of -w**3/3 - w**2 + w + 2. Give v(r).
1
Suppose 0*y + 4 = y. Let v(f) be the third derivative of 1/60*f**5 + 0 + 7/24*f**y + 0*f - f**2 + f**3. What is v(-4)?
-6
Let q(v) = -v + 2. Let r(a) = -4*a + 7. Let d(u) = 4*u**2 - 1 + 6*u + 2*u - 5*u**2. Let h be d(7). Let b(i) = h*r(i) - 21*q(i). Determine b(1).
-3
Let n(g) = 5*g**3 + 5*g**2. Let f(y) = 2*y**3 + y. Let k(l) = -3*f(l) + n(l). Give k(4).
4
Let i = 5 + -2. Let h(z) be the third derivative of z**6/120 - z**5/15 + z**4/6 - z**3/2 + 3*z**2. Calculate h(i).
0
Let v = -5 + 7. Let h(j) = j**3 - 4*j - 2*j**2 + v - 2*j**3 + 4*j**2. Calculate h(2).
-6
Let z(x) be the third derivative of x**5/60 + x**4/8 + x**3/2 - x**2. Suppose 8*j + 18 = 2*j. Determine z(j).
3
Let z(g) = g**2 - g - 2. Let k(j) = -j**3 + 5*j**2 + j - 5. Suppose -4*r = 2*c - 20, r - 5*c - 15 = -2*r. Let v be k(r). Give z(v).
-2
Let x(b) = -40*b + 85*b - 1 - 44*b + 2. Determine x(-4).
-3
Let b = 0 + 4. Let d(a) = 4*a - 4. Let u be d(4). Suppose -s - b*i + 4 = 0, i = 3*s + 2*i - u. Let v(r) = -r +